 r(-22). Suppose 2*k - 224 = -4*p, -c*p + 444 = 4*k - 0*p. Calculate the highest common divisor of 165 and k.
55
Let h = 20 + 218. Let c = -208 + h. Suppose 5*t - 61 = 39. What is the greatest common divisor of c and t?
10
Let d be ((-306)/(-17))/((-6)/(-32)). Let x be ((-6)/4)/((-3)/32). What is the greatest common divisor of x and d?
16
Let m(y) = -7*y + 4. Let o be m(1). Let n be (o + 14)/((-2)/(-4)). What is the highest common divisor of n and 154?
22
Let c = -23 - -39. Suppose -n + 5*n - c = 0. Let i be (-23)/((-23)/(-6)) - (-1 + -57). Calculate the highest common divisor of n and i.
4
Let c(v) = v + 4. Let s be c(0). Let h = 165 + -160. Suppose -3*l + 5*l - 130 = 2*r, -h*r - 53 = -l. What is the greatest common factor of l and s?
4
Let z be 3103/116 + 2/8. Let n be 9100/245 - (-16)/(-14). Calculate the highest common factor of n and z.
9
Suppose i + 4*q - 4493 = -2*i, -4*i - 5*q + 5990 = 0. Let v = -245 + 360. Calculate the highest common factor of v and i.
115
Let t(u) = -19*u**2 + 587*u - 13. Let l be t(30). Calculate the greatest common factor of 1136 and l.
71
Let r be ((-17)/952*-16)/((-2)/(-12670)). Calculate the greatest common divisor of 50 and r.
10
Let x be 46 + -9*(-28)/21. Let p be 2 - (-3 - -6) - -117. What is the highest common factor of p and x?
58
Let s be -7*84/98 + 508/4. What is the highest common factor of 682 and s?
11
Suppose 0 = -4*l + 2*w + 1444, -8 = 1813*w - 1812*w. What is the greatest common factor of 462 and l?
21
Let p = -136 - -232. Let k(y) = 253*y + 25585. Let h be k(-101). Calculate the highest common divisor of h and p.
32
Let g(a) = 19*a - 464. Let y be g(24). Let o(c) be the first derivative of c**2/2 + 11*c + 1. Let j be o(y). What is the highest common factor of j and 12?
3
Let t be 9/((-540)/(-15848)) - ((-2453)/165 - -15). Calculate the highest common factor of 1188 and t.
132
Let g = -3874 - -4987. Calculate the greatest common divisor of g and 168.
21
Let a = -13593 + 13855. Calculate the greatest common factor of 14 and a.
2
Suppose 743*o + 495 = 754*o. What is the greatest common divisor of o and 51?
3
Suppose 842 = 5*o + 2*m, 3*m + 196 = 3*o - 305. Let p(t) = -13*t**2 + 110*t - 168. Let c be p(6). Calculate the highest common factor of c and o.
24
Suppose 112511 = 4*a - 5*g, -20*g = a - 15*g - 28134. Calculate the highest common factor of a and 23.
23
Let z(f) = -6*f - 7. Let h be z(-4). Suppose -16*y = -h*y + 2. Suppose -3*d + 109 = y*q, -49 + 240 = 5*d + q. Calculate the highest common divisor of d and 78.
39
Let j be (-576)/(-112)*(-1)/(7/(-49)). Calculate the greatest common factor of j and 7404.
12
Suppose 28*a = 30*a + 3*l + 17, -l = 1. Let i(h) = -h**3 + 11*h + 4. Let y be i(a). Calculate the highest common factor of 90 and y.
90
Let w be -66*(-5)/30 - 4. Calculate the greatest common divisor of w and 25634.
7
Let v(z) = -z**3 - 21*z**2 + 17*z - 79. Let j be v(-22). Suppose -112 = j*s - 1352. What is the highest common factor of 8 and s?
8
Let b = -35 + 31. Let x be (-16)/20*b*(-15)/(-6). What is the greatest common divisor of x and 32?
8
Let m(z) = 93*z + 1576. Let d be m(-16). What is the highest common divisor of d and 68?
4
Suppose -93*p + 108*p - 2880 = 0. Calculate the highest common factor of p and 4.
4
Let u(d) = -146*d - 18. Let s be u(2). Let k = s - -370. Calculate the highest common divisor of k and 120.
60
Let v be 75/(-12) - 3/(-12). Let x = v + 12. Let y(r) = -33*r - 29. Let n be y(-1). What is the greatest common divisor of n and x?
2
Let u(l) = -l**2 + 9*l - 8. Let q be u(6). Suppose -52*g + q = -47*g. What is the highest common divisor of 9 and g?
1
Suppose -10*g + 2*g + 24 = 0. Let y be 0 + 4 + -1 + (5 - g). Suppose -j + y*n + 7 = n, 14 = 2*j - n. What is the greatest common divisor of j and 63?
7
Let m = 62 + -61. Suppose -2*a = x - m, -5*a - 3*x = -7*x - 35. Suppose -23 - 10 = -a*j. Calculate the highest common divisor of j and 88.
11
Let n be (-62)/(-4)*(6 - (2 + 0)). Suppose 4*g + n = t - 0*t, -3*t = 2*g - 200. Calculate the highest common factor of 6 and t.
6
Suppose -95 = -2*n + 3*v, -n - v - 28 = -78. Let j = -37 + n. Let s(a) = 3*a. Let d be s(8). What is the highest common factor of d and j?
12
Suppose 4*q - 4*j = 87 + 253, 3*j = 5*q - 415. What is the highest common divisor of q and 424?
8
Let g(r) = 2*r - 10. Let u be g(7). Suppose -5*t + 16 = -4*k, -4*k = 5*t - u - 20. Suppose -21*l + 7 = -20*l. Calculate the highest common divisor of l and k.
1
Let b = 3265 + -3169. What is the greatest common factor of 636 and b?
12
Let g be (-16)/6*(-8 - 55/(-20)). Suppose 0 = -p + 46 + g. Calculate the highest common factor of p and 105.
15
Let o be (-1 + 2)*((-9962)/(-17) + 19). Calculate the highest common factor of 275 and o.
55
Suppose -m + 2*m - 3 = 0. Let o be (-214)/(-6) - (-1)/m. Suppose 5*r = -107 - 125 + 277. Calculate the greatest common factor of r and o.
9
Suppose 227 = -3*b + 2*j, -2*j = 5*b - 4*j + 381. Let m be -242*(-2)/8*2. Let z = m + b. What is the greatest common factor of 4 and z?
4
Let c be (2 - 286)*(1036/(-84))/((-4)/(-3)). What is the highest common factor of c and 74?
37
Let m = 137 - 109. Let p be ((-42)/12)/((-1)/(2 + 2)). Calculate the highest common divisor of m and p.
14
Let l = -3322 - -5685. What is the greatest common divisor of l and 51?
17
Let u = -30937 + 32527. Calculate the highest common divisor of 375 and u.
15
Suppose 20*a - 696 - 3 = 241. What is the highest common divisor of a and 1081?
47
Let j be -20 - -36 - (-2 - (6 - 2)). Let i = 10 - 10. Let n be -5 - -8 - (1 - i). What is the highest common divisor of n and j?
2
Suppose -66*u - 115*u + 287528 = -54*u. Calculate the greatest common divisor of u and 8.
8
Suppose -14 = -i + 63 - 11. Suppose -3*u + 4*u = 335. Let z = u - 236. Calculate the greatest common factor of z and i.
33
Let h = 188 + -62. Suppose h = 12*z - 9*z. Calculate the highest common factor of 42 and z.
42
Let l(s) = -40 - 6*s + 13 - 29. Let v be l(-11). Calculate the highest common divisor of 30 and v.
10
Let t(k) = -21*k**3 + 13*k**2 + 38*k + 60. Let m be t(-9). Calculate the highest common divisor of m and 12.
12
Let n be 6/(-16) + 1 + -3 + (-3626)/(-112). Calculate the greatest common factor of n and 530.
10
Let v(o) = -5*o**2 - 308*o + 1822. Let p be v(-67). Let i(j) = 9*j**2 + 4*j + 3. Let w be i(-5). Calculate the highest common divisor of w and p.
13
Let u = 493 + -482. Let b(i) = -i**3 + 8*i**2 + 39*i - 22. Let l be b(u). What is the highest common divisor of 99 and l?
11
Let y be (-6020)/8*(-66 - -52). What is the greatest common divisor of 245 and y?
245
Let q(i) = 86*i + 1045. Let x be q(-12). Calculate the greatest common divisor of x and 7319.
13
Let s = -10380 + 15268. What is the greatest common divisor of s and 104?
104
Let q(l) = l - 2. Let c = 33 - 28. Let k be q(c). Let h = 394 - 382. What is the greatest common factor of h and k?
3
Let c = 4 - 3. Let f be (-23)/2*4/4*22. Let q = 264 + f. What is the highest common divisor of q and c?
1
Let w be (90/4 - -2) + 19/38. Let i = 44 - w. Suppose 6*h = i*h - 2704. What is the highest common factor of 16 and h?
16
Suppose 1577 = 36*y - 17*y. Suppose 8*i - 157 = y. Calculate the greatest common divisor of i and 190.
10
Let j be (4 - -8)*7/21. Suppose n - 142 = -j*n - 4*f, -n + 4*f = -14. What is the greatest common divisor of 52 and n?
26
Let g(i) = 5*i - 42. Let h = -104 + 97. Let j be g(h). Let r be 2*(2/(-7) + (-1177)/j). Calculate the greatest common divisor of 330 and r.
30
Suppose -24*x + 2972 = -3031 + 1011. What is the greatest common divisor of 13 and x?
13
Suppose -y + 5*y = 20, 0 = -2*n + 5*y + 164 + 81. Suppose 0 = d + 2*d - 3*v - 33, 3*v - 87 = -5*d. What is the highest common divisor of d and n?
15
Let n be ((-33)/4)/(5 + 3962/(-784)). Suppose -10*b - n = -21*b. What is the greatest common factor of 224 and b?
14
Suppose -166 + 30 = -2*c. Let m be (-24 + -2)/(1/(-4)). Let k = m - 87. Calculate the highest common divisor of k and c.
17
Let l = -13 + 15. Let s(j) = -j**3 + 8*j - l*j - 1085 + 1086 + 5*j**2. Let b be s(6). Calculate the highest common factor of 1 and b.
1
Let x(w) = -9*w + 6. Let o be x(-5). Suppose 0 = 69*u - 59*u - 50. Suppose -u*q = -422 + 82. What is the greatest common factor of o and q?
17
Let g = -26204 + 267